rs of v(7).
2, 13
Let i = 19 + 370. What are the prime factors of i?
389
Suppose 2 + 10 = 4*f. Suppose 0 = 6*m - f*m - 153. What are the prime factors of m?
3, 17
Let o(v) = -6*v - 4. Let k be 2*((-21)/(-6) - -2). Let p = -16 + k. What are the prime factors of o(p)?
2, 13
Let a = 25 - 23. Suppose 0 = -a*o + 4 + 166. List the prime factors of o.
5, 17
Let l = 14 + -10. Suppose l*u = k + 444, 0 = -u - k + 6*k + 130. List the prime factors of u.
2, 5, 11
What are the prime factors of 455 - (-11 + (-40)/(-2))?
2, 223
Let m = -14 - -39. Suppose 11 = m*j - 24*j. What are the prime factors of j?
11
Let r = 136 + -87. Let t be 34 - (-1 + 1)/3. Let k = r - t. What are the prime factors of k?
3, 5
Let t = -41 - -197. Suppose 0 = 4*v - t. What are the prime factors of v?
3, 13
Suppose 51*w = 24*w + 98172. List the prime factors of w.
2, 3, 101
Suppose 12*y - 5 = 7*y. Let i be (8/(-24))/(y/(-363)). Let d = i + -80. List the prime factors of d.
41
Let i be (-63)/9 - (-1 + -2). Let y(p) = p**3 + 3*p**2 - 5*p + 2. Let q be y(i). Suppose 9 + q = 5*b. List the prime factors of b.
3
Let z(b) = -9*b - 1. Let h be z(-13). Suppose -h = -2*u - 12. List the prime factors of u.
2, 13
Let a(b) = 74*b + 14. What are the prime factors of a(4)?
2, 5, 31
Let h be 70/4*44/55. Suppose 2*n - h = n. Let p = n + 10. List the prime factors of p.
2, 3
Suppose 0 = 4*p + 5*v - 557, 0 = 5*p + 5*v - 193 - 502. Suppose 5*u - 257 - p = -5*s, -5*u + 411 = s. What are the prime factors of u?
83
Suppose 31*r - 71600 = -19*r. List the prime factors of r.
2, 179
Let s(m) = m**3 - 7*m**2 + 6*m + 7. Let n be s(6). Suppose 0 = -g - n*g + 176. List the prime factors of g.
2, 11
Let i = -97 - -186. Let d = i + -45. Suppose 4*h + 4*k = d, -4 = 2*k - 8. List the prime factors of h.
3
Let m(g) = -g**3 - 11*g**2 + 5*g + 28. Suppose 0 = -n - 3*a - 4 - 17, -a - 63 = 5*n. List the prime factors of m(n).
2, 7
Suppose -6*c = -3*c - 270. Let x = c - 76. What are the prime factors of x?
2, 7
What are the prime factors of -10*94*50/(-40)?
5, 47
Let d be 12/42*7*1. Let h(x) = -8*x**3 + x**2 + 2*x - 3. Let t be h(1). What are the prime factors of ((-38)/t)/(d/32)?
2, 19
Let x(g) = 14*g**3 - 11*g**2 + 48*g - 38. List the prime factors of x(5).
3, 13, 43
Suppose h = -2*c + 153, 5*c + h - 2*h = 372. Suppose 68 = i - c. List the prime factors of i.
11, 13
Let s(v) = -12*v**2 + 3*v + 3. Let k be s(-3). Let i = k + 219. What are the prime factors of i?
3, 5, 7
Let s = -20 - -42. Let m(i) = 44*i - 3. Let q be m(-1). Let p = s - q. List the prime factors of p.
3, 23
Let i = -2858 + 4275. List the prime factors of i.
13, 109
Let k = -45 - -63. Let a = k - -47. What are the prime factors of 2/6 + a/3?
2, 11
Suppose 4*u - 5*m - 1 = -6, -2*u + m + 5 = 0. Suppose -7 = -u*o + 3. Suppose 40 = 5*z + 3*c, -16 = -o*z + 4*c - 2*c. What are the prime factors of z?
2
Let s be (-17)/(459/(-558)) - (-2)/6. Suppose 3*k = s*k - 4392. What are the prime factors of k?
2, 61
Let x(s) = -7*s + 4. Let f be x(3). Let o = f - -18. Suppose 9 - o = -2*r, 0 = 5*q + 2*r - 357. What are the prime factors of q?
73
Let v = 1 - -1. Suppose 17 = v*y - 7. List the prime factors of 1/(-2) - (-318)/y.
2, 13
Let n = 1925 - 1324. List the prime factors of n.
601
Let m = 122 - 105. Suppose 7 = 2*h + f, -5*h + 2*h = -5*f - m. List the prime factors of h.
2
List the prime factors of -3*217/(3 + -4).
3, 7, 31
Let b = -32 + 30. Let d(r) = 6*r**2 + 2*r + 4. List the prime factors of d(b).
2, 3
Let s(w) = -23*w + 140. Let c(u) = 15*u - 93. Let g(v) = 8*c(v) + 5*s(v). List the prime factors of g(23).
71
Suppose -54*r + 327 = -53*r. What are the prime factors of r?
3, 109
Let g(w) = -w**3 - 18*w**2 + 12*w + 33. Let f be g(-19). Let y = f - 104. What are the prime factors of y?
2, 31
Let n(z) be the third derivative of -z**4/12 - 4*z**3/3 + 2*z**2 + 49. Suppose -2*t - 30 = 4*p, -5*p + 0*t - 30 = 5*t. List the prime factors of n(p).
2, 5
Suppose 359*h - 369*h + 25820 = 0. List the prime factors of h.
2, 1291
Let m = 4 + 0. List the prime factors of (8/4 - 41/(-4))*m.
7
Let i = 747 + -470. What are the prime factors of i?
277
Let v = 721 - 313. What are the prime factors of v?
2, 3, 17
Suppose 3*y - s - 1440 = 0, 0 = -5*s + 31 - 16. What are the prime factors of y?
13, 37
Suppose -f + 0*f = -3*s + 7, -5*f + 5*s = 15. List the prime factors of 4 - 2 - (-8 - (5 + f)).
2, 7
Let v be (-1)/(-3)*(-726)/22. Let c = 79 - v. List the prime factors of c.
2, 3, 5
Let s(u) = -u**2 - u. Let y be s(-7). List the prime factors of y/((-2)/(-8)*-6).
2, 7
Let m be (1/(-2))/(-1)*(28 + -8). Suppose m*i - 210 = 3*i. What are the prime factors of i?
2, 3, 5
Suppose -5*l + c = -2*c + 33, 1 = -l - 5*c. Let f(k) = k**3 - 9*k**2 + 11*k - 12. Let g be f(8). Let w = g + l. List the prime factors of w.
2, 3
Let r = -25 - -25. Suppose 5*h - 9*h + 328 = r. What are the prime factors of h?
2, 41
Let c = -3 + 3. Suppose -8*r + 3*r + 495 = c. List the prime factors of r.
3, 11
Let o(c) = 3*c**3 - 26*c**2 - 12*c + 35. List the prime factors of o(11).
2, 3, 5
Let m = -71 + 96. Suppose -3*y + 4*h + h - 60 = 0, 2*h = 4*y + 66. Let g = y + m. What are the prime factors of g?
2, 5
Let m = 2848 - -326. What are the prime factors of m?
2, 3, 23
Let r = -6 - -6. Suppose x - 24 - 3 = r. Let n = x - -31. What are the prime factors of n?
2, 29
Let g(i) = 4*i - 39. Let f be g(24). Let v(t) = -5*t. Let h be v(-5). Let k = f - h. What are the prime factors of k?
2
Let n(p) be the first derivative of 2*p**3/3 - p**2/2 + 2*p + 6. Let q be n(0). What are the prime factors of (27/q + 1)*2?
29
Let s = -659 - -1038. What are the prime factors of s?
379
Let k be (-30)/2*(-54)/(-45). Let b = k + 57. List the prime factors of b.
3, 13
Suppose -3*q = 24 + 15. Let k be (-3)/((-140)/64 + 2). Let s = k + q. List the prime factors of s.
3
Let x(w) = -w**2 - 1. Let b(z) = -107*z + 2. Let g be b(-2). Let y(f) = -60*f**2 - 54. Let u(m) = g*x(m) - 4*y(m). What are the prime factors of u(1)?
2, 3
Let q be 2 - (3 + -2 + -2). Suppose 31 = 2*o + 5*s, 4*s = -4*o + q*o + 8. What are the prime factors of o?
2, 7
Let s = -22 - -220. Suppose 57 = -2*g + c + s, 2*c = -4*g + 302. List the prime factors of g.
73
Let l(s) = s**2 + 4*s - 9. Let d be l(-7). Suppose 1170 = d*c - 7*c. What are the prime factors of c?
2, 3, 13
Let z(k) = k**2 - 16*k + 18. Let d be z(15). What are the prime factors of ((-4)/(-6))/(d/882)?
2, 7
Let p(k) = -k**2 - 6*k + 2339. What are the prime factors of p(0)?
2339
Let a be (2/(-5) - 52/20) + 5. Suppose -5*h + a*b + 464 = -15, -4*h + 397 = 3*b. List the prime factors of h.
97
Let b be 36/8*(-8)/(-6). Let y(h) = -h**2 + 5*h + 5. Let x be y(b). List the prime factors of (6 - -50) + (x - -2).
3, 19
Suppose 1291 = f + 4*x, -29*f - x - 6392 = -34*f. List the prime factors of f.
1279
Let f be -9 + 3 + -5 + 0. Let h = 14 - f. List the prime factors of h.
5
Let v be ((-12)/(-18))/(1/6). Suppose -5*l - 9 + 25 = m, -v*l + m = -11. Suppose -o + 3*o + 3*s - 98 = 0, l*s + 162 = 3*o. List the prime factors of o.
2, 13
Let b(w) = -12*w**3 - 5*w**2 - w + 12. What are the prime factors of b(-3)?
2, 3, 7
Let m be ((-4)/(24/423))/(6/(-8)). Suppose 0 = -5*i + 5*v - 3*v + m, -4*v = -4*i + 68. What are the prime factors of i?
2, 5
Let r(y) = y**2 + 4*y + 8. Let b be r(-6). Let d = b + -5. What are the prime factors of (-49)/(-14)*(d - 1)?
7
Suppose 0 = 41*x - 40*x + 10. List the prime factors of x/25 - 357/(-5).
71
What are the prime factors of (-14)/2 - (-430)/2?
2, 13
Suppose 0*p = 2*p + 3*i - 353, 0 = 5*p + 4*i - 893. What are the prime factors of p?
181
Suppose 29*i = 9*i + 17620. What are the prime factors of i?
881
Let m be (0 + -4 - -5) + 27. Suppose m*g = 26*g + 222. What are the prime factors of g?
3, 37
Suppose -452 = 3*n - 5*n. Suppose -4*l = 90 + n. Let i = 113 + l. What are the prime factors of i?
2, 17
Suppose -2*z = x + 1 + 2, -3*z - x = 2. Let d(c) = -5*c - 8*c - 5*c + z. What are the prime factors of d(-1)?
19
Suppose -33*d + 1149 = 3*c - 36*d, 5*d = 10. List the prime factors of c.
5, 7, 11
Let t = -289 + 479. Suppose -t = -4*s + g, -54 = 3*s + g - 200. List the prime factors of s.
2, 3
Let z be 72/42 - -4*3/42. Let g(w) = -w**3 + 13*w**2 - 9*w - 15. Let s be g(11). Suppose -s = -z*f + 2*v, 0 = 4*f - f - 2*v - 192. 